{"id":370,"date":"2021-10-28T19:25:36","date_gmt":"2021-10-28T17:25:36","guid":{"rendered":"https:\/\/garden-elysee.ms.decms.eu\/?page_id=370"},"modified":"2023-09-21T09:38:35","modified_gmt":"2023-09-21T07:38:35","slug":"restauracion","status":"publish","type":"page","link":"https:\/\/www.paris-hotel-gardenelysee.com\/es\/restauracion\/","title":{"rendered":"Restauraci\u00f3n"},"content":{"rendered":"<p style=\"text-align: center\">Empiece el d\u00eda degustando nuestro irresistible desayuno en el sal\u00f3n abierto al jard\u00edn o en su propia habitaci\u00f3n.<\/p>\n<p style=\"text-align: center\">Por la noche, nuestro barman est\u00e1 a su disposici\u00f3n para recomendarle una copa de vino o personalizar su c\u00f3ctel favorito. Sus creaciones, como los deliciosos platos del men\u00fa, se pueden disfrutar en el lounge bar, en la terraza, en el jard\u00edn de invierno o en su habitaci\u00f3n.<\/p>\n","protected":false},"excerpt":{"rendered":"<p>Empiece el d\u00eda degustando nuestro irresistible desayuno en el sal\u00f3n abierto al jard\u00edn o en su propia habitaci\u00f3n. Por la noche, nuestro barman est\u00e1 a su disposici\u00f3n para recomendarle una copa de vino o personalizar su c\u00f3ctel favorito. Sus creaciones, como los deliciosos platos del men\u00fa, se pueden disfrutar en el lounge bar, en la [&hellip;]<\/p>\n","protected":false},"author":15,"featured_media":0,"parent":0,"menu_order":0,"comment_status":"closed","ping_status":"closed","template":"template-restaurants.php","meta":{"footnotes":""},"class_list":["post-370","page","type-page","status-publish","hentry"],"yoast_head":"<!-- This site is optimized with the Yoast SEO plugin v26.9 - https:\/\/yoast.com\/product\/yoast-seo-wordpress\/ -->\n<title>Restauraci\u00f3n - Hotel Garden \u00c9lys\u00e9e - Centro de Par\u00eds<\/title>\n<meta name=\"description\" content=\"Desayuno, lounge bar y servicio de habitaciones: disfrute de los servicios de restauraci\u00f3n del Hotel Garden \u00c9lys\u00e9e, a unos pasos de los Campos El\u00edseos.\" \/>\n<meta name=\"robots\" content=\"index, follow, max-snippet:-1, max-image-preview:large, max-video-preview:-1\" \/>\n<link rel=\"canonical\" href=\"https:\/\/www.paris-hotel-gardenelysee.com\/es\/restauracion\/\" \/>\n<meta property=\"og:locale\" content=\"es_ES\" \/>\n<meta property=\"og:type\" content=\"article\" \/>\n<meta property=\"og:title\" content=\"Restauraci\u00f3n - Hotel Garden \u00c9lys\u00e9e - Centro de Par\u00eds\" \/>\n<meta property=\"og:description\" content=\"Desayuno, lounge bar y servicio de habitaciones: disfrute de los servicios de restauraci\u00f3n del Hotel Garden \u00c9lys\u00e9e, a unos pasos de los Campos El\u00edseos.\" \/>\n<meta property=\"og:url\" content=\"https:\/\/www.paris-hotel-gardenelysee.com\/es\/restauracion\/\" \/>\n<meta property=\"og:site_name\" content=\"Garden Elysee\" \/>\n<meta property=\"article:modified_time\" content=\"2023-09-21T07:38:35+00:00\" \/>\n<meta name=\"twitter:card\" content=\"summary_large_image\" \/>\n<meta name=\"twitter:label1\" content=\"Tiempo de lectura\" \/>\n\t<meta name=\"twitter:data1\" content=\"1 minuto\" \/>\n<script type=\"application\/ld+json\" class=\"yoast-schema-graph\">{\"@context\":\"https:\/\/schema.org\",\"@graph\":[{\"@type\":\"WebPage\",\"@id\":\"https:\/\/www.paris-hotel-gardenelysee.com\/es\/restauracion\/\",\"url\":\"https:\/\/www.paris-hotel-gardenelysee.com\/es\/restauracion\/\",\"name\":\"Restauraci\u00f3n - Hotel Garden \u00c9lys\u00e9e - Centro de Par\u00eds\",\"isPartOf\":{\"@id\":\"https:\/\/www.paris-hotel-gardenelysee.com\/es\/#website\"},\"datePublished\":\"2021-10-28T17:25:36+00:00\",\"dateModified\":\"2023-09-21T07:38:35+00:00\",\"description\":\"Desayuno, lounge bar y servicio de habitaciones: disfrute de los servicios de restauraci\u00f3n del Hotel Garden \u00c9lys\u00e9e, a unos pasos de los Campos El\u00edseos.\",\"breadcrumb\":{\"@id\":\"https:\/\/www.paris-hotel-gardenelysee.com\/es\/restauracion\/#breadcrumb\"},\"inLanguage\":\"es\",\"potentialAction\":[{\"@type\":\"ReadAction\",\"target\":[\"https:\/\/www.paris-hotel-gardenelysee.com\/es\/restauracion\/\"]}]},{\"@type\":\"BreadcrumbList\",\"@id\":\"https:\/\/www.paris-hotel-gardenelysee.com\/es\/restauracion\/#breadcrumb\",\"itemListElement\":[{\"@type\":\"ListItem\",\"position\":1,\"name\":\"Accueil\",\"item\":\"https:\/\/www.paris-hotel-gardenelysee.com\/es\/\"},{\"@type\":\"ListItem\",\"position\":2,\"name\":\"Restauraci\u00f3n\"}]},{\"@type\":\"WebSite\",\"@id\":\"https:\/\/www.paris-hotel-gardenelysee.com\/es\/#website\",\"url\":\"https:\/\/www.paris-hotel-gardenelysee.com\/es\/\",\"name\":\"Garden Elysee\",\"description\":\"\",\"potentialAction\":[{\"@type\":\"SearchAction\",\"target\":{\"@type\":\"EntryPoint\",\"urlTemplate\":\"https:\/\/www.paris-hotel-gardenelysee.com\/es\/?s={search_term_string}\"},\"query-input\":{\"@type\":\"PropertyValueSpecification\",\"valueRequired\":true,\"valueName\":\"search_term_string\"}}],\"inLanguage\":\"es\"}]}<\/script>\n<!-- \/ Yoast SEO plugin. -->","yoast_head_json":{"title":"Restauraci\u00f3n - Hotel Garden \u00c9lys\u00e9e - Centro de Par\u00eds","description":"Desayuno, lounge bar y servicio de habitaciones: disfrute de los servicios de restauraci\u00f3n del Hotel Garden \u00c9lys\u00e9e, a unos pasos de los Campos El\u00edseos.","robots":{"index":"index","follow":"follow","max-snippet":"max-snippet:-1","max-image-preview":"max-image-preview:large","max-video-preview":"max-video-preview:-1"},"canonical":"https:\/\/www.paris-hotel-gardenelysee.com\/es\/restauracion\/","og_locale":"es_ES","og_type":"article","og_title":"Restauraci\u00f3n - Hotel Garden \u00c9lys\u00e9e - Centro de Par\u00eds","og_description":"Desayuno, lounge bar y servicio de habitaciones: disfrute de los servicios de restauraci\u00f3n del Hotel Garden \u00c9lys\u00e9e, a unos pasos de los Campos El\u00edseos.","og_url":"https:\/\/www.paris-hotel-gardenelysee.com\/es\/restauracion\/","og_site_name":"Garden Elysee","article_modified_time":"2023-09-21T07:38:35+00:00","twitter_card":"summary_large_image","twitter_misc":{"Tiempo de lectura":"1 minuto"},"schema":{"@context":"https:\/\/schema.org","@graph":[{"@type":"WebPage","@id":"https:\/\/www.paris-hotel-gardenelysee.com\/es\/restauracion\/","url":"https:\/\/www.paris-hotel-gardenelysee.com\/es\/restauracion\/","name":"Restauraci\u00f3n - Hotel Garden \u00c9lys\u00e9e - Centro de Par\u00eds","isPartOf":{"@id":"https:\/\/www.paris-hotel-gardenelysee.com\/es\/#website"},"datePublished":"2021-10-28T17:25:36+00:00","dateModified":"2023-09-21T07:38:35+00:00","description":"Desayuno, lounge bar y servicio de habitaciones: disfrute de los servicios de restauraci\u00f3n del Hotel Garden \u00c9lys\u00e9e, a unos pasos de los Campos El\u00edseos.","breadcrumb":{"@id":"https:\/\/www.paris-hotel-gardenelysee.com\/es\/restauracion\/#breadcrumb"},"inLanguage":"es","potentialAction":[{"@type":"ReadAction","target":["https:\/\/www.paris-hotel-gardenelysee.com\/es\/restauracion\/"]}]},{"@type":"BreadcrumbList","@id":"https:\/\/www.paris-hotel-gardenelysee.com\/es\/restauracion\/#breadcrumb","itemListElement":[{"@type":"ListItem","position":1,"name":"Accueil","item":"https:\/\/www.paris-hotel-gardenelysee.com\/es\/"},{"@type":"ListItem","position":2,"name":"Restauraci\u00f3n"}]},{"@type":"WebSite","@id":"https:\/\/www.paris-hotel-gardenelysee.com\/es\/#website","url":"https:\/\/www.paris-hotel-gardenelysee.com\/es\/","name":"Garden Elysee","description":"","potentialAction":[{"@type":"SearchAction","target":{"@type":"EntryPoint","urlTemplate":"https:\/\/www.paris-hotel-gardenelysee.com\/es\/?s={search_term_string}"},"query-input":{"@type":"PropertyValueSpecification","valueRequired":true,"valueName":"search_term_string"}}],"inLanguage":"es"}]}},"acf":[],"_links":{"self":[{"href":"https:\/\/www.paris-hotel-gardenelysee.com\/es\/wp-json\/wp\/v2\/pages\/370","targetHints":{"allow":["GET"]}}],"collection":[{"href":"https:\/\/www.paris-hotel-gardenelysee.com\/es\/wp-json\/wp\/v2\/pages"}],"about":[{"href":"https:\/\/www.paris-hotel-gardenelysee.com\/es\/wp-json\/wp\/v2\/types\/page"}],"author":[{"embeddable":true,"href":"https:\/\/www.paris-hotel-gardenelysee.com\/es\/wp-json\/wp\/v2\/users\/15"}],"replies":[{"embeddable":true,"href":"https:\/\/www.paris-hotel-gardenelysee.com\/es\/wp-json\/wp\/v2\/comments?post=370"}],"version-history":[{"count":0,"href":"https:\/\/www.paris-hotel-gardenelysee.com\/es\/wp-json\/wp\/v2\/pages\/370\/revisions"}],"wp:attachment":[{"href":"https:\/\/www.paris-hotel-gardenelysee.com\/es\/wp-json\/wp\/v2\/media?parent=370"}],"curies":[{"name":"wp","href":"https:\/\/api.w.org\/{rel}","templated":true}]}}

Restauración

<p style="text-align: center">Empiece el día degustando nuestro irresistible desayuno en el salón abierto al jardín o en su propia habitación.</p>
<p style="text-align: center">Por la noche, nuestro barman está a su disposición para recomendarle una copa de vino o personalizar su cóctel favorito. Sus creaciones, como los deliciosos platos del menú, se pueden disfrutar en el lounge bar, en la terraza, en el jardín de invierno o en su habitación.</p>

<p>Empiece el día degustando nuestro irresistible desayuno en el salón abierto al jardín o en su propia habitación. Por la noche, nuestro barman está a su disposición para recomendarle una copa de vino o personalizar su cóctel favorito. Sus creaciones, como los deliciosos platos del menú, se pueden disfrutar en el lounge bar, en la [&hellip;]</p>

<!-- This site is optimized with the Yoast SEO plugin v26.9 - https://yoast.com/product/yoast-seo-wordpress/ -->
<title>Restauración - Hotel Garden Élysée - Centro de París</title>
<meta name="description" content="Desayuno, lounge bar y servicio de habitaciones: disfrute de los servicios de restauración del Hotel Garden Élysée, a unos pasos de los Campos Elíseos." />
<meta name="robots" content="index, follow, max-snippet:-1, max-image-preview:large, max-video-preview:-1" />
<link rel="canonical" href="https://www.paris-hotel-gardenelysee.com/es/restauracion/" />
<meta property="og:locale" content="es_ES" />
<meta property="og:type" content="article" />
<meta property="og:title" content="Restauración - Hotel Garden Élysée - Centro de París" />
<meta property="og:description" content="Desayuno, lounge bar y servicio de habitaciones: disfrute de los servicios de restauración del Hotel Garden Élysée, a unos pasos de los Campos Elíseos." />
<meta property="og:url" content="https://www.paris-hotel-gardenelysee.com/es/restauracion/" />
<meta property="og:site_name" content="Garden Elysee" />
<meta property="article:modified_time" content="2023-09-21T07:38:35+00:00" />
<meta name="twitter:card" content="summary_large_image" />
<meta name="twitter:label1" content="Tiempo de lectura" />
	<meta name="twitter:data1" content="1 minuto" />
<script type="application/ld+json" class="yoast-schema-graph">{"@context":"https://schema.org","@graph":[{"@type":"WebPage","@id":"https://www.paris-hotel-gardenelysee.com/es/restauracion/","url":"https://www.paris-hotel-gardenelysee.com/es/restauracion/","name":"Restauración - Hotel Garden Élysée - Centro de París","isPartOf":{"@id":"https://www.paris-hotel-gardenelysee.com/es/#website"},"datePublished":"2021-10-28T17:25:36+00:00","dateModified":"2023-09-21T07:38:35+00:00","description":"Desayuno, lounge bar y servicio de habitaciones: disfrute de los servicios de restauración del Hotel Garden Élysée, a unos pasos de los Campos Elíseos.","breadcrumb":{"@id":"https://www.paris-hotel-gardenelysee.com/es/restauracion/#breadcrumb"},"inLanguage":"es","potentialAction":[{"@type":"ReadAction","target":["https://www.paris-hotel-gardenelysee.com/es/restauracion/"]}]},{"@type":"BreadcrumbList","@id":"https://www.paris-hotel-gardenelysee.com/es/restauracion/#breadcrumb","itemListElement":[{"@type":"ListItem","position":1,"name":"Accueil","item":"https://www.paris-hotel-gardenelysee.com/es/"},{"@type":"ListItem","position":2,"name":"Restauración"}]},{"@type":"WebSite","@id":"https://www.paris-hotel-gardenelysee.com/es/#website","url":"https://www.paris-hotel-gardenelysee.com/es/","name":"Garden Elysee","description":"","potentialAction":[{"@type":"SearchAction","target":{"@type":"EntryPoint","urlTemplate":"https://www.paris-hotel-gardenelysee.com/es/?s={search_term_string}"},"query-input":{"@type":"PropertyValueSpecification","valueRequired":true,"valueName":"search_term_string"}}],"inLanguage":"es"}]}</script>
<!-- / Yoast SEO plugin. -->

Restauración - Hotel Garden Élysée - Centro de París

Desayuno, lounge bar y servicio de habitaciones: disfrute de los servicios de restauración del Hotel Garden Élysée, a unos pasos de los Campos Elíseos.
