{"id":346,"date":"2021-10-21T16:41:56","date_gmt":"2021-10-21T14:41:56","guid":{"rendered":"https:\/\/garden-elysee.ms.decms.eu\/?page_id=346"},"modified":"2021-12-07T14:42:28","modified_gmt":"2021-12-07T13:42:28","slug":"bienvenidos-al-hotel","status":"publish","type":"page","link":"https:\/\/www.paris-hotel-gardenelysee.com\/es\/bienvenidos-al-hotel\/","title":{"rendered":"Bienvenidos al hotel"},"content":{"rendered":"<p style=\"text-align: center;\">Hacer que se sienta en el hotel como en casa, ese es el emblema del equipo, que trabaja constantemente por su bienestar y el \u00e9xito de su estancia.<\/p>\n<p style=\"text-align: center;\">El Hotel Garden \u00c9lys\u00e9e es un lugar \u00fanico donde encontrar\u00e1 la atenci\u00f3n, la disponibilidad y la benevolencia de un hotel boutique y disfrutar\u00e1 de amplios espacios en los que relajarse y rencontrarse.<\/p>\n","protected":false},"excerpt":{"rendered":"<p>Hacer que se sienta en el hotel como en casa, ese es el emblema del equipo, que trabaja constantemente por su bienestar y el \u00e9xito de su estancia. El Hotel Garden \u00c9lys\u00e9e es un lugar \u00fanico donde encontrar\u00e1 la atenci\u00f3n, la disponibilidad y la benevolencia de un hotel boutique y disfrutar\u00e1 de amplios espacios en [&hellip;]<\/p>\n","protected":false},"author":15,"featured_media":0,"parent":0,"menu_order":0,"comment_status":"closed","ping_status":"closed","template":"template-default-3.php","meta":{"footnotes":""},"class_list":["post-346","page","type-page","status-publish","hentry"],"yoast_head":"<!-- This site is optimized with the Yoast SEO plugin v26.9 - https:\/\/yoast.com\/product\/yoast-seo-wordpress\/ -->\n<title>Salones, jard\u00edn de invierno, bar y terraza para darle la bienvenida<\/title>\n<meta name=\"description\" content=\"El Hotel Garden \u00c9lys\u00e9e pone a su disposici\u00f3n amplios salones con chimeneas y una zona de despacho. Un bar, un jard\u00edn de invierno y una verde terraza le invitan a relajarse en el coraz\u00f3n del distrito 16 de Par\u00eds.\" \/>\n<meta name=\"robots\" content=\"index, follow, max-snippet:-1, max-image-preview:large, max-video-preview:-1\" \/>\n<link rel=\"canonical\" href=\"https:\/\/www.paris-hotel-gardenelysee.com\/es\/bienvenidos-al-hotel\/\" \/>\n<meta property=\"og:locale\" content=\"es_ES\" \/>\n<meta property=\"og:type\" content=\"article\" \/>\n<meta property=\"og:title\" content=\"Salones, jard\u00edn de invierno, bar y terraza para darle la bienvenida\" \/>\n<meta property=\"og:description\" content=\"El Hotel Garden \u00c9lys\u00e9e pone a su disposici\u00f3n amplios salones con chimeneas y una zona de despacho. Un bar, un jard\u00edn de invierno y una verde terraza le invitan a relajarse en el coraz\u00f3n del distrito 16 de Par\u00eds.\" \/>\n<meta property=\"og:url\" content=\"https:\/\/www.paris-hotel-gardenelysee.com\/es\/bienvenidos-al-hotel\/\" \/>\n<meta property=\"og:site_name\" content=\"Garden Elysee\" \/>\n<meta property=\"article:modified_time\" content=\"2021-12-07T13:42:28+00:00\" \/>\n<meta name=\"twitter:card\" content=\"summary_large_image\" \/>\n<meta name=\"twitter:label1\" content=\"Tiempo de lectura\" \/>\n\t<meta name=\"twitter:data1\" content=\"1 minuto\" \/>\n<script type=\"application\/ld+json\" class=\"yoast-schema-graph\">{\"@context\":\"https:\/\/schema.org\",\"@graph\":[{\"@type\":\"WebPage\",\"@id\":\"https:\/\/www.paris-hotel-gardenelysee.com\/es\/bienvenidos-al-hotel\/\",\"url\":\"https:\/\/www.paris-hotel-gardenelysee.com\/es\/bienvenidos-al-hotel\/\",\"name\":\"Salones, jard\u00edn de invierno, bar y terraza para darle la bienvenida\",\"isPartOf\":{\"@id\":\"https:\/\/www.paris-hotel-gardenelysee.com\/es\/#website\"},\"datePublished\":\"2021-10-21T14:41:56+00:00\",\"dateModified\":\"2021-12-07T13:42:28+00:00\",\"description\":\"El Hotel Garden \u00c9lys\u00e9e pone a su disposici\u00f3n amplios salones con chimeneas y una zona de despacho. Un bar, un jard\u00edn de invierno y una verde terraza le invitan a relajarse en el coraz\u00f3n del distrito 16 de Par\u00eds.\",\"breadcrumb\":{\"@id\":\"https:\/\/www.paris-hotel-gardenelysee.com\/es\/bienvenidos-al-hotel\/#breadcrumb\"},\"inLanguage\":\"es\",\"potentialAction\":[{\"@type\":\"ReadAction\",\"target\":[\"https:\/\/www.paris-hotel-gardenelysee.com\/es\/bienvenidos-al-hotel\/\"]}]},{\"@type\":\"BreadcrumbList\",\"@id\":\"https:\/\/www.paris-hotel-gardenelysee.com\/es\/bienvenidos-al-hotel\/#breadcrumb\",\"itemListElement\":[{\"@type\":\"ListItem\",\"position\":1,\"name\":\"Accueil\",\"item\":\"https:\/\/www.paris-hotel-gardenelysee.com\/es\/\"},{\"@type\":\"ListItem\",\"position\":2,\"name\":\"Bienvenidos al hotel\"}]},{\"@type\":\"WebSite\",\"@id\":\"https:\/\/www.paris-hotel-gardenelysee.com\/es\/#website\",\"url\":\"https:\/\/www.paris-hotel-gardenelysee.com\/es\/\",\"name\":\"Garden Elysee\",\"description\":\"\",\"potentialAction\":[{\"@type\":\"SearchAction\",\"target\":{\"@type\":\"EntryPoint\",\"urlTemplate\":\"https:\/\/www.paris-hotel-gardenelysee.com\/es\/?s={search_term_string}\"},\"query-input\":{\"@type\":\"PropertyValueSpecification\",\"valueRequired\":true,\"valueName\":\"search_term_string\"}}],\"inLanguage\":\"es\"}]}<\/script>\n<!-- \/ Yoast SEO plugin. -->","yoast_head_json":{"title":"Salones, jard\u00edn de invierno, bar y terraza para darle la bienvenida","description":"El Hotel Garden \u00c9lys\u00e9e pone a su disposici\u00f3n amplios salones con chimeneas y una zona de despacho. Un bar, un jard\u00edn de invierno y una verde terraza le invitan a relajarse en el coraz\u00f3n del distrito 16 de Par\u00eds.","robots":{"index":"index","follow":"follow","max-snippet":"max-snippet:-1","max-image-preview":"max-image-preview:large","max-video-preview":"max-video-preview:-1"},"canonical":"https:\/\/www.paris-hotel-gardenelysee.com\/es\/bienvenidos-al-hotel\/","og_locale":"es_ES","og_type":"article","og_title":"Salones, jard\u00edn de invierno, bar y terraza para darle la bienvenida","og_description":"El Hotel Garden \u00c9lys\u00e9e pone a su disposici\u00f3n amplios salones con chimeneas y una zona de despacho. Un bar, un jard\u00edn de invierno y una verde terraza le invitan a relajarse en el coraz\u00f3n del distrito 16 de Par\u00eds.","og_url":"https:\/\/www.paris-hotel-gardenelysee.com\/es\/bienvenidos-al-hotel\/","og_site_name":"Garden Elysee","article_modified_time":"2021-12-07T13:42:28+00:00","twitter_card":"summary_large_image","twitter_misc":{"Tiempo de lectura":"1 minuto"},"schema":{"@context":"https:\/\/schema.org","@graph":[{"@type":"WebPage","@id":"https:\/\/www.paris-hotel-gardenelysee.com\/es\/bienvenidos-al-hotel\/","url":"https:\/\/www.paris-hotel-gardenelysee.com\/es\/bienvenidos-al-hotel\/","name":"Salones, jard\u00edn de invierno, bar y terraza para darle la bienvenida","isPartOf":{"@id":"https:\/\/www.paris-hotel-gardenelysee.com\/es\/#website"},"datePublished":"2021-10-21T14:41:56+00:00","dateModified":"2021-12-07T13:42:28+00:00","description":"El Hotel Garden \u00c9lys\u00e9e pone a su disposici\u00f3n amplios salones con chimeneas y una zona de despacho. Un bar, un jard\u00edn de invierno y una verde terraza le invitan a relajarse en el coraz\u00f3n del distrito 16 de Par\u00eds.","breadcrumb":{"@id":"https:\/\/www.paris-hotel-gardenelysee.com\/es\/bienvenidos-al-hotel\/#breadcrumb"},"inLanguage":"es","potentialAction":[{"@type":"ReadAction","target":["https:\/\/www.paris-hotel-gardenelysee.com\/es\/bienvenidos-al-hotel\/"]}]},{"@type":"BreadcrumbList","@id":"https:\/\/www.paris-hotel-gardenelysee.com\/es\/bienvenidos-al-hotel\/#breadcrumb","itemListElement":[{"@type":"ListItem","position":1,"name":"Accueil","item":"https:\/\/www.paris-hotel-gardenelysee.com\/es\/"},{"@type":"ListItem","position":2,"name":"Bienvenidos al hotel"}]},{"@type":"WebSite","@id":"https:\/\/www.paris-hotel-gardenelysee.com\/es\/#website","url":"https:\/\/www.paris-hotel-gardenelysee.com\/es\/","name":"Garden Elysee","description":"","potentialAction":[{"@type":"SearchAction","target":{"@type":"EntryPoint","urlTemplate":"https:\/\/www.paris-hotel-gardenelysee.com\/es\/?s={search_term_string}"},"query-input":{"@type":"PropertyValueSpecification","valueRequired":true,"valueName":"search_term_string"}}],"inLanguage":"es"}]}},"acf":[],"_links":{"self":[{"href":"https:\/\/www.paris-hotel-gardenelysee.com\/es\/wp-json\/wp\/v2\/pages\/346","targetHints":{"allow":["GET"]}}],"collection":[{"href":"https:\/\/www.paris-hotel-gardenelysee.com\/es\/wp-json\/wp\/v2\/pages"}],"about":[{"href":"https:\/\/www.paris-hotel-gardenelysee.com\/es\/wp-json\/wp\/v2\/types\/page"}],"author":[{"embeddable":true,"href":"https:\/\/www.paris-hotel-gardenelysee.com\/es\/wp-json\/wp\/v2\/users\/15"}],"replies":[{"embeddable":true,"href":"https:\/\/www.paris-hotel-gardenelysee.com\/es\/wp-json\/wp\/v2\/comments?post=346"}],"version-history":[{"count":0,"href":"https:\/\/www.paris-hotel-gardenelysee.com\/es\/wp-json\/wp\/v2\/pages\/346\/revisions"}],"wp:attachment":[{"href":"https:\/\/www.paris-hotel-gardenelysee.com\/es\/wp-json\/wp\/v2\/media?parent=346"}],"curies":[{"name":"wp","href":"https:\/\/api.w.org\/{rel}","templated":true}]}}

<p style="text-align: center;">Hacer que se sienta en el hotel como en casa, ese es el emblema del equipo, que trabaja constantemente por su bienestar y el éxito de su estancia.</p>
<p style="text-align: center;">El Hotel Garden Élysée es un lugar único donde encontrará la atención, la disponibilidad y la benevolencia de un hotel boutique y disfrutará de amplios espacios en los que relajarse y rencontrarse.</p>

<p>Hacer que se sienta en el hotel como en casa, ese es el emblema del equipo, que trabaja constantemente por su bienestar y el éxito de su estancia. El Hotel Garden Élysée es un lugar único donde encontrará la atención, la disponibilidad y la benevolencia de un hotel boutique y disfrutará de amplios espacios en [&hellip;]</p>

<!-- This site is optimized with the Yoast SEO plugin v26.9 - https://yoast.com/product/yoast-seo-wordpress/ -->
<title>Salones, jardín de invierno, bar y terraza para darle la bienvenida</title>
<meta name="description" content="El Hotel Garden Élysée pone a su disposición amplios salones con chimeneas y una zona de despacho. Un bar, un jardín de invierno y una verde terraza le invitan a relajarse en el corazón del distrito 16 de París." />
<meta name="robots" content="index, follow, max-snippet:-1, max-image-preview:large, max-video-preview:-1" />
<link rel="canonical" href="https://www.paris-hotel-gardenelysee.com/es/bienvenidos-al-hotel/" />
<meta property="og:locale" content="es_ES" />
<meta property="og:type" content="article" />
<meta property="og:title" content="Salones, jardín de invierno, bar y terraza para darle la bienvenida" />
<meta property="og:description" content="El Hotel Garden Élysée pone a su disposición amplios salones con chimeneas y una zona de despacho. Un bar, un jardín de invierno y una verde terraza le invitan a relajarse en el corazón del distrito 16 de París." />
<meta property="og:url" content="https://www.paris-hotel-gardenelysee.com/es/bienvenidos-al-hotel/" />
<meta property="og:site_name" content="Garden Elysee" />
<meta property="article:modified_time" content="2021-12-07T13:42:28+00:00" />
<meta name="twitter:card" content="summary_large_image" />
<meta name="twitter:label1" content="Tiempo de lectura" />
	<meta name="twitter:data1" content="1 minuto" />
<script type="application/ld+json" class="yoast-schema-graph">{"@context":"https://schema.org","@graph":[{"@type":"WebPage","@id":"https://www.paris-hotel-gardenelysee.com/es/bienvenidos-al-hotel/","url":"https://www.paris-hotel-gardenelysee.com/es/bienvenidos-al-hotel/","name":"Salones, jardín de invierno, bar y terraza para darle la bienvenida","isPartOf":{"@id":"https://www.paris-hotel-gardenelysee.com/es/#website"},"datePublished":"2021-10-21T14:41:56+00:00","dateModified":"2021-12-07T13:42:28+00:00","description":"El Hotel Garden Élysée pone a su disposición amplios salones con chimeneas y una zona de despacho. Un bar, un jardín de invierno y una verde terraza le invitan a relajarse en el corazón del distrito 16 de París.","breadcrumb":{"@id":"https://www.paris-hotel-gardenelysee.com/es/bienvenidos-al-hotel/#breadcrumb"},"inLanguage":"es","potentialAction":[{"@type":"ReadAction","target":["https://www.paris-hotel-gardenelysee.com/es/bienvenidos-al-hotel/"]}]},{"@type":"BreadcrumbList","@id":"https://www.paris-hotel-gardenelysee.com/es/bienvenidos-al-hotel/#breadcrumb","itemListElement":[{"@type":"ListItem","position":1,"name":"Accueil","item":"https://www.paris-hotel-gardenelysee.com/es/"},{"@type":"ListItem","position":2,"name":"Bienvenidos al hotel"}]},{"@type":"WebSite","@id":"https://www.paris-hotel-gardenelysee.com/es/#website","url":"https://www.paris-hotel-gardenelysee.com/es/","name":"Garden Elysee","description":"","potentialAction":[{"@type":"SearchAction","target":{"@type":"EntryPoint","urlTemplate":"https://www.paris-hotel-gardenelysee.com/es/?s={search_term_string}"},"query-input":{"@type":"PropertyValueSpecification","valueRequired":true,"valueName":"search_term_string"}}],"inLanguage":"es"}]}</script>
<!-- / Yoast SEO plugin. -->

Salones, jardín de invierno, bar y terraza para darle la bienvenida

El Hotel Garden Élysée pone a su disposición amplios salones con chimeneas y una zona de despacho. Un bar, un jardín de invierno y una verde terraza le invitan a relajarse en el corazón del distrito 16 de París.
