{"id":343,"date":"2021-10-21T16:19:15","date_gmt":"2021-10-21T14:19:15","guid":{"rendered":"https:\/\/garden-elysee.ms.decms.eu\/?page_id=343"},"modified":"2022-06-28T15:32:33","modified_gmt":"2022-06-28T13:32:33","slug":"suite","status":"publish","type":"page","link":"https:\/\/www.paris-hotel-gardenelysee.com\/es\/habitaciones-y-suites\/suite\/","title":{"rendered":"Suite"},"content":{"rendered":"<p style=\"text-align: center;\"><strong>1-3 PERSONAS &#8211; 35 M\u00b2 &#8211; 2 INDIVIDUALES O 1 KING + SOFA CAMA<\/strong><\/p>\n<p style=\"text-align: center;\">Nada es demasiado bueno para su estancia en Par\u00eds.<br \/>\nCada elemento decorativo, extra\u00eddo de la naturaleza, ilustra el exuberante jard\u00edn del hotel.<br \/>\nPodr\u00e1 admirar este jard\u00edn cada ma\u00f1ana desde la ventana de esta espaciosa suite.<\/p>\n","protected":false},"excerpt":{"rendered":"<p>1-3 PERSONAS &#8211; 35 M\u00b2 &#8211; 2 INDIVIDUALES O 1 KING + SOFA CAMA Nada es demasiado bueno para su estancia en Par\u00eds. Cada elemento decorativo, extra\u00eddo de la naturaleza, ilustra el exuberante jard\u00edn del hotel. Podr\u00e1 admirar este jard\u00edn cada ma\u00f1ana desde la ventana de esta espaciosa suite.<\/p>\n","protected":false},"author":15,"featured_media":0,"parent":338,"menu_order":50,"comment_status":"closed","ping_status":"closed","template":"template-single-room.php","meta":{"footnotes":""},"class_list":["post-343","page","type-page","status-publish","hentry"],"yoast_head":"<!-- This site is optimized with the Yoast SEO plugin v26.9 - https:\/\/yoast.com\/product\/yoast-seo-wordpress\/ -->\n<title>Suite para 2 o 3 personas - Hotel Garden \u00c9lys\u00e9e - 4*- Par\u00eds, distrito 16<\/title>\n<meta name=\"description\" content=\"La suite del Hotel Garden \u00c9lys\u00e9e es perfecta para una escapada rom\u00e1ntica. Disfrute de la vista del jard\u00edn, un tesoro escondido en el distrito 16 de Par\u00eds.\" \/>\n<meta name=\"robots\" content=\"index, follow, max-snippet:-1, max-image-preview:large, max-video-preview:-1\" \/>\n<link rel=\"canonical\" href=\"https:\/\/www.paris-hotel-gardenelysee.com\/es\/habitaciones-y-suites\/suite\/\" \/>\n<meta property=\"og:locale\" content=\"es_ES\" \/>\n<meta property=\"og:type\" content=\"article\" \/>\n<meta property=\"og:title\" content=\"Suite para 2 o 3 personas - Hotel Garden \u00c9lys\u00e9e - 4*- Par\u00eds, distrito 16\" \/>\n<meta property=\"og:description\" content=\"La suite del Hotel Garden \u00c9lys\u00e9e es perfecta para una escapada rom\u00e1ntica. Disfrute de la vista del jard\u00edn, un tesoro escondido en el distrito 16 de Par\u00eds.\" \/>\n<meta property=\"og:url\" content=\"https:\/\/www.paris-hotel-gardenelysee.com\/es\/habitaciones-y-suites\/suite\/\" \/>\n<meta property=\"og:site_name\" content=\"Garden Elysee\" \/>\n<meta property=\"article:modified_time\" content=\"2022-06-28T13:32:33+00:00\" \/>\n<meta name=\"twitter:card\" content=\"summary_large_image\" \/>\n<meta name=\"twitter:label1\" content=\"Tiempo de lectura\" \/>\n\t<meta name=\"twitter:data1\" content=\"1 minuto\" \/>\n<script type=\"application\/ld+json\" class=\"yoast-schema-graph\">{\"@context\":\"https:\/\/schema.org\",\"@graph\":[{\"@type\":\"WebPage\",\"@id\":\"https:\/\/www.paris-hotel-gardenelysee.com\/es\/habitaciones-y-suites\/suite\/\",\"url\":\"https:\/\/www.paris-hotel-gardenelysee.com\/es\/habitaciones-y-suites\/suite\/\",\"name\":\"Suite para 2 o 3 personas - Hotel Garden \u00c9lys\u00e9e - 4*- Par\u00eds, distrito 16\",\"isPartOf\":{\"@id\":\"https:\/\/www.paris-hotel-gardenelysee.com\/es\/#website\"},\"datePublished\":\"2021-10-21T14:19:15+00:00\",\"dateModified\":\"2022-06-28T13:32:33+00:00\",\"description\":\"La suite del Hotel Garden \u00c9lys\u00e9e es perfecta para una escapada rom\u00e1ntica. Disfrute de la vista del jard\u00edn, un tesoro escondido en el distrito 16 de Par\u00eds.\",\"breadcrumb\":{\"@id\":\"https:\/\/www.paris-hotel-gardenelysee.com\/es\/habitaciones-y-suites\/suite\/#breadcrumb\"},\"inLanguage\":\"es\",\"potentialAction\":[{\"@type\":\"ReadAction\",\"target\":[\"https:\/\/www.paris-hotel-gardenelysee.com\/es\/habitaciones-y-suites\/suite\/\"]}]},{\"@type\":\"BreadcrumbList\",\"@id\":\"https:\/\/www.paris-hotel-gardenelysee.com\/es\/habitaciones-y-suites\/suite\/#breadcrumb\",\"itemListElement\":[{\"@type\":\"ListItem\",\"position\":1,\"name\":\"Accueil\",\"item\":\"https:\/\/www.paris-hotel-gardenelysee.com\/es\/\"},{\"@type\":\"ListItem\",\"position\":2,\"name\":\"Habitaciones &amp; Suites\",\"item\":\"https:\/\/www.paris-hotel-gardenelysee.com\/es\/habitaciones-y-suites\/\"},{\"@type\":\"ListItem\",\"position\":3,\"name\":\"Suite\"}]},{\"@type\":\"WebSite\",\"@id\":\"https:\/\/www.paris-hotel-gardenelysee.com\/es\/#website\",\"url\":\"https:\/\/www.paris-hotel-gardenelysee.com\/es\/\",\"name\":\"Garden Elysee\",\"description\":\"\",\"potentialAction\":[{\"@type\":\"SearchAction\",\"target\":{\"@type\":\"EntryPoint\",\"urlTemplate\":\"https:\/\/www.paris-hotel-gardenelysee.com\/es\/?s={search_term_string}\"},\"query-input\":{\"@type\":\"PropertyValueSpecification\",\"valueRequired\":true,\"valueName\":\"search_term_string\"}}],\"inLanguage\":\"es\"}]}<\/script>\n<!-- \/ Yoast SEO plugin. -->","yoast_head_json":{"title":"Suite para 2 o 3 personas - Hotel Garden \u00c9lys\u00e9e - 4*- Par\u00eds, distrito 16","description":"La suite del Hotel Garden \u00c9lys\u00e9e es perfecta para una escapada rom\u00e1ntica. Disfrute de la vista del jard\u00edn, un tesoro escondido en el distrito 16 de Par\u00eds.","robots":{"index":"index","follow":"follow","max-snippet":"max-snippet:-1","max-image-preview":"max-image-preview:large","max-video-preview":"max-video-preview:-1"},"canonical":"https:\/\/www.paris-hotel-gardenelysee.com\/es\/habitaciones-y-suites\/suite\/","og_locale":"es_ES","og_type":"article","og_title":"Suite para 2 o 3 personas - Hotel Garden \u00c9lys\u00e9e - 4*- Par\u00eds, distrito 16","og_description":"La suite del Hotel Garden \u00c9lys\u00e9e es perfecta para una escapada rom\u00e1ntica. Disfrute de la vista del jard\u00edn, un tesoro escondido en el distrito 16 de Par\u00eds.","og_url":"https:\/\/www.paris-hotel-gardenelysee.com\/es\/habitaciones-y-suites\/suite\/","og_site_name":"Garden Elysee","article_modified_time":"2022-06-28T13:32:33+00:00","twitter_card":"summary_large_image","twitter_misc":{"Tiempo de lectura":"1 minuto"},"schema":{"@context":"https:\/\/schema.org","@graph":[{"@type":"WebPage","@id":"https:\/\/www.paris-hotel-gardenelysee.com\/es\/habitaciones-y-suites\/suite\/","url":"https:\/\/www.paris-hotel-gardenelysee.com\/es\/habitaciones-y-suites\/suite\/","name":"Suite para 2 o 3 personas - Hotel Garden \u00c9lys\u00e9e - 4*- Par\u00eds, distrito 16","isPartOf":{"@id":"https:\/\/www.paris-hotel-gardenelysee.com\/es\/#website"},"datePublished":"2021-10-21T14:19:15+00:00","dateModified":"2022-06-28T13:32:33+00:00","description":"La suite del Hotel Garden \u00c9lys\u00e9e es perfecta para una escapada rom\u00e1ntica. Disfrute de la vista del jard\u00edn, un tesoro escondido en el distrito 16 de Par\u00eds.","breadcrumb":{"@id":"https:\/\/www.paris-hotel-gardenelysee.com\/es\/habitaciones-y-suites\/suite\/#breadcrumb"},"inLanguage":"es","potentialAction":[{"@type":"ReadAction","target":["https:\/\/www.paris-hotel-gardenelysee.com\/es\/habitaciones-y-suites\/suite\/"]}]},{"@type":"BreadcrumbList","@id":"https:\/\/www.paris-hotel-gardenelysee.com\/es\/habitaciones-y-suites\/suite\/#breadcrumb","itemListElement":[{"@type":"ListItem","position":1,"name":"Accueil","item":"https:\/\/www.paris-hotel-gardenelysee.com\/es\/"},{"@type":"ListItem","position":2,"name":"Habitaciones &amp; Suites","item":"https:\/\/www.paris-hotel-gardenelysee.com\/es\/habitaciones-y-suites\/"},{"@type":"ListItem","position":3,"name":"Suite"}]},{"@type":"WebSite","@id":"https:\/\/www.paris-hotel-gardenelysee.com\/es\/#website","url":"https:\/\/www.paris-hotel-gardenelysee.com\/es\/","name":"Garden Elysee","description":"","potentialAction":[{"@type":"SearchAction","target":{"@type":"EntryPoint","urlTemplate":"https:\/\/www.paris-hotel-gardenelysee.com\/es\/?s={search_term_string}"},"query-input":{"@type":"PropertyValueSpecification","valueRequired":true,"valueName":"search_term_string"}}],"inLanguage":"es"}]}},"acf":[],"_links":{"self":[{"href":"https:\/\/www.paris-hotel-gardenelysee.com\/es\/wp-json\/wp\/v2\/pages\/343","targetHints":{"allow":["GET"]}}],"collection":[{"href":"https:\/\/www.paris-hotel-gardenelysee.com\/es\/wp-json\/wp\/v2\/pages"}],"about":[{"href":"https:\/\/www.paris-hotel-gardenelysee.com\/es\/wp-json\/wp\/v2\/types\/page"}],"author":[{"embeddable":true,"href":"https:\/\/www.paris-hotel-gardenelysee.com\/es\/wp-json\/wp\/v2\/users\/15"}],"replies":[{"embeddable":true,"href":"https:\/\/www.paris-hotel-gardenelysee.com\/es\/wp-json\/wp\/v2\/comments?post=343"}],"version-history":[{"count":0,"href":"https:\/\/www.paris-hotel-gardenelysee.com\/es\/wp-json\/wp\/v2\/pages\/343\/revisions"}],"up":[{"embeddable":true,"href":"https:\/\/www.paris-hotel-gardenelysee.com\/es\/wp-json\/wp\/v2\/pages\/338"}],"wp:attachment":[{"href":"https:\/\/www.paris-hotel-gardenelysee.com\/es\/wp-json\/wp\/v2\/media?parent=343"}],"curies":[{"name":"wp","href":"https:\/\/api.w.org\/{rel}","templated":true}]}}

<p style="text-align: center;"><strong>1-3 PERSONAS &#8211; 35 M² &#8211; 2 INDIVIDUALES O 1 KING + SOFA CAMA</strong></p>
<p style="text-align: center;">Nada es demasiado bueno para su estancia en París.<br />
Cada elemento decorativo, extraído de la naturaleza, ilustra el exuberante jardín del hotel.<br />
Podrá admirar este jardín cada mañana desde la ventana de esta espaciosa suite.</p>

<p>1-3 PERSONAS &#8211; 35 M² &#8211; 2 INDIVIDUALES O 1 KING + SOFA CAMA Nada es demasiado bueno para su estancia en París. Cada elemento decorativo, extraído de la naturaleza, ilustra el exuberante jardín del hotel. Podrá admirar este jardín cada mañana desde la ventana de esta espaciosa suite.</p>

<!-- This site is optimized with the Yoast SEO plugin v26.9 - https://yoast.com/product/yoast-seo-wordpress/ -->
<title>Suite para 2 o 3 personas - Hotel Garden Élysée - 4*- París, distrito 16</title>
<meta name="description" content="La suite del Hotel Garden Élysée es perfecta para una escapada romántica. Disfrute de la vista del jardín, un tesoro escondido en el distrito 16 de París." />
<meta name="robots" content="index, follow, max-snippet:-1, max-image-preview:large, max-video-preview:-1" />
<link rel="canonical" href="https://www.paris-hotel-gardenelysee.com/es/habitaciones-y-suites/suite/" />
<meta property="og:locale" content="es_ES" />
<meta property="og:type" content="article" />
<meta property="og:title" content="Suite para 2 o 3 personas - Hotel Garden Élysée - 4*- París, distrito 16" />
<meta property="og:description" content="La suite del Hotel Garden Élysée es perfecta para una escapada romántica. Disfrute de la vista del jardín, un tesoro escondido en el distrito 16 de París." />
<meta property="og:url" content="https://www.paris-hotel-gardenelysee.com/es/habitaciones-y-suites/suite/" />
<meta property="og:site_name" content="Garden Elysee" />
<meta property="article:modified_time" content="2022-06-28T13:32:33+00:00" />
<meta name="twitter:card" content="summary_large_image" />
<meta name="twitter:label1" content="Tiempo de lectura" />
	<meta name="twitter:data1" content="1 minuto" />
<script type="application/ld+json" class="yoast-schema-graph">{"@context":"https://schema.org","@graph":[{"@type":"WebPage","@id":"https://www.paris-hotel-gardenelysee.com/es/habitaciones-y-suites/suite/","url":"https://www.paris-hotel-gardenelysee.com/es/habitaciones-y-suites/suite/","name":"Suite para 2 o 3 personas - Hotel Garden Élysée - 4*- París, distrito 16","isPartOf":{"@id":"https://www.paris-hotel-gardenelysee.com/es/#website"},"datePublished":"2021-10-21T14:19:15+00:00","dateModified":"2022-06-28T13:32:33+00:00","description":"La suite del Hotel Garden Élysée es perfecta para una escapada romántica. Disfrute de la vista del jardín, un tesoro escondido en el distrito 16 de París.","breadcrumb":{"@id":"https://www.paris-hotel-gardenelysee.com/es/habitaciones-y-suites/suite/#breadcrumb"},"inLanguage":"es","potentialAction":[{"@type":"ReadAction","target":["https://www.paris-hotel-gardenelysee.com/es/habitaciones-y-suites/suite/"]}]},{"@type":"BreadcrumbList","@id":"https://www.paris-hotel-gardenelysee.com/es/habitaciones-y-suites/suite/#breadcrumb","itemListElement":[{"@type":"ListItem","position":1,"name":"Accueil","item":"https://www.paris-hotel-gardenelysee.com/es/"},{"@type":"ListItem","position":2,"name":"Habitaciones &amp; Suites","item":"https://www.paris-hotel-gardenelysee.com/es/habitaciones-y-suites/"},{"@type":"ListItem","position":3,"name":"Suite"}]},{"@type":"WebSite","@id":"https://www.paris-hotel-gardenelysee.com/es/#website","url":"https://www.paris-hotel-gardenelysee.com/es/","name":"Garden Elysee","description":"","potentialAction":[{"@type":"SearchAction","target":{"@type":"EntryPoint","urlTemplate":"https://www.paris-hotel-gardenelysee.com/es/?s={search_term_string}"},"query-input":{"@type":"PropertyValueSpecification","valueRequired":true,"valueName":"search_term_string"}}],"inLanguage":"es"}]}</script>
<!-- / Yoast SEO plugin. -->

Suite para 2 o 3 personas - Hotel Garden Élysée - 4*- París, distrito 16

La suite del Hotel Garden Élysée es perfecta para una escapada romántica. Disfrute de la vista del jardín, un tesoro escondido en el distrito 16 de París.
