{"id":341,"date":"2021-10-21T15:55:49","date_gmt":"2021-10-21T13:55:49","guid":{"rendered":"https:\/\/garden-elysee.ms.decms.eu\/?page_id=341"},"modified":"2022-06-28T15:25:00","modified_gmt":"2022-06-28T13:25:00","slug":"habitacion-superior","status":"publish","type":"page","link":"https:\/\/www.paris-hotel-gardenelysee.com\/es\/habitaciones-y-suites\/habitacion-superior\/","title":{"rendered":"Habitaci\u00f3n Superior"},"content":{"rendered":"<p style=\"text-align: center;\"><strong>1-2 PERSONAS &#8211; 18 M\u00b2 &#8211; 2 INDIVIDUALES O 1 QUEEN.<\/strong><\/p>\n<p style=\"text-align: center;\">Opte por m\u00e1s espacio y comodidad con la habitaci\u00f3n Superior.<br \/>\nReg\u00e1lese un descanso en el coraz\u00f3n de la capital: t\u00f3mese su tiempo para leer las noticias del d\u00eda con una taza de t\u00e9 en el sal\u00f3n o medite mientras contempla la vegetaci\u00f3n circundante.<br \/>\nDescanso para cuerpo y alma garantizado gracias a la c\u00f3moda cama de matrimonio queen size.<\/p>\n","protected":false},"excerpt":{"rendered":"<p>1-2 PERSONAS &#8211; 18 M\u00b2 &#8211; 2 INDIVIDUALES O 1 QUEEN. Opte por m\u00e1s espacio y comodidad con la habitaci\u00f3n Superior. Reg\u00e1lese un descanso en el coraz\u00f3n de la capital: t\u00f3mese su tiempo para leer las noticias del d\u00eda con una taza de t\u00e9 en el sal\u00f3n o medite mientras contempla la vegetaci\u00f3n circundante. Descanso [&hellip;]<\/p>\n","protected":false},"author":15,"featured_media":0,"parent":338,"menu_order":30,"comment_status":"closed","ping_status":"closed","template":"template-single-room.php","meta":{"footnotes":""},"class_list":["post-341","page","type-page","status-publish","hentry"],"yoast_head":"<!-- This site is optimized with the Yoast SEO plugin v26.9 - https:\/\/yoast.com\/product\/yoast-seo-wordpress\/ -->\n<title>Habitaci\u00f3n superior - Hotel Garden \u00c9lys\u00e9e - 4* - Par\u00eds, distrito 16<\/title>\n<meta name=\"description\" content=\"La espaciosa habitaci\u00f3n superior del Hotel Garden \u00c9lys\u00e9e tiene una cama de matrimonio queen size o dos camas separadas. Es ideal para una escapada a Par\u00eds.\" \/>\n<meta name=\"robots\" content=\"index, follow, max-snippet:-1, max-image-preview:large, max-video-preview:-1\" \/>\n<link rel=\"canonical\" href=\"https:\/\/www.paris-hotel-gardenelysee.com\/es\/habitaciones-y-suites\/habitacion-superior\/\" \/>\n<meta property=\"og:locale\" content=\"es_ES\" \/>\n<meta property=\"og:type\" content=\"article\" \/>\n<meta property=\"og:title\" content=\"Habitaci\u00f3n superior - Hotel Garden \u00c9lys\u00e9e - 4* - Par\u00eds, distrito 16\" \/>\n<meta property=\"og:description\" content=\"La espaciosa habitaci\u00f3n superior del Hotel Garden \u00c9lys\u00e9e tiene una cama de matrimonio queen size o dos camas separadas. Es ideal para una escapada a Par\u00eds.\" \/>\n<meta property=\"og:url\" content=\"https:\/\/www.paris-hotel-gardenelysee.com\/es\/habitaciones-y-suites\/habitacion-superior\/\" \/>\n<meta property=\"og:site_name\" content=\"Garden Elysee\" \/>\n<meta property=\"article:modified_time\" content=\"2022-06-28T13:25:00+00:00\" \/>\n<meta name=\"twitter:card\" content=\"summary_large_image\" \/>\n<meta name=\"twitter:label1\" content=\"Tiempo de lectura\" \/>\n\t<meta name=\"twitter:data1\" content=\"1 minuto\" \/>\n<script type=\"application\/ld+json\" class=\"yoast-schema-graph\">{\"@context\":\"https:\/\/schema.org\",\"@graph\":[{\"@type\":\"WebPage\",\"@id\":\"https:\/\/www.paris-hotel-gardenelysee.com\/es\/habitaciones-y-suites\/habitacion-superior\/\",\"url\":\"https:\/\/www.paris-hotel-gardenelysee.com\/es\/habitaciones-y-suites\/habitacion-superior\/\",\"name\":\"Habitaci\u00f3n superior - Hotel Garden \u00c9lys\u00e9e - 4* - Par\u00eds, distrito 16\",\"isPartOf\":{\"@id\":\"https:\/\/www.paris-hotel-gardenelysee.com\/es\/#website\"},\"datePublished\":\"2021-10-21T13:55:49+00:00\",\"dateModified\":\"2022-06-28T13:25:00+00:00\",\"description\":\"La espaciosa habitaci\u00f3n superior del Hotel Garden \u00c9lys\u00e9e tiene una cama de matrimonio queen size o dos camas separadas. Es ideal para una escapada a Par\u00eds.\",\"breadcrumb\":{\"@id\":\"https:\/\/www.paris-hotel-gardenelysee.com\/es\/habitaciones-y-suites\/habitacion-superior\/#breadcrumb\"},\"inLanguage\":\"es\",\"potentialAction\":[{\"@type\":\"ReadAction\",\"target\":[\"https:\/\/www.paris-hotel-gardenelysee.com\/es\/habitaciones-y-suites\/habitacion-superior\/\"]}]},{\"@type\":\"BreadcrumbList\",\"@id\":\"https:\/\/www.paris-hotel-gardenelysee.com\/es\/habitaciones-y-suites\/habitacion-superior\/#breadcrumb\",\"itemListElement\":[{\"@type\":\"ListItem\",\"position\":1,\"name\":\"Accueil\",\"item\":\"https:\/\/www.paris-hotel-gardenelysee.com\/es\/\"},{\"@type\":\"ListItem\",\"position\":2,\"name\":\"Habitaciones &amp; Suites\",\"item\":\"https:\/\/www.paris-hotel-gardenelysee.com\/es\/habitaciones-y-suites\/\"},{\"@type\":\"ListItem\",\"position\":3,\"name\":\"Habitaci\u00f3n Superior\"}]},{\"@type\":\"WebSite\",\"@id\":\"https:\/\/www.paris-hotel-gardenelysee.com\/es\/#website\",\"url\":\"https:\/\/www.paris-hotel-gardenelysee.com\/es\/\",\"name\":\"Garden Elysee\",\"description\":\"\",\"potentialAction\":[{\"@type\":\"SearchAction\",\"target\":{\"@type\":\"EntryPoint\",\"urlTemplate\":\"https:\/\/www.paris-hotel-gardenelysee.com\/es\/?s={search_term_string}\"},\"query-input\":{\"@type\":\"PropertyValueSpecification\",\"valueRequired\":true,\"valueName\":\"search_term_string\"}}],\"inLanguage\":\"es\"}]}<\/script>\n<!-- \/ Yoast SEO plugin. -->","yoast_head_json":{"title":"Habitaci\u00f3n superior - Hotel Garden \u00c9lys\u00e9e - 4* - Par\u00eds, distrito 16","description":"La espaciosa habitaci\u00f3n superior del Hotel Garden \u00c9lys\u00e9e tiene una cama de matrimonio queen size o dos camas separadas. Es ideal para una escapada a Par\u00eds.","robots":{"index":"index","follow":"follow","max-snippet":"max-snippet:-1","max-image-preview":"max-image-preview:large","max-video-preview":"max-video-preview:-1"},"canonical":"https:\/\/www.paris-hotel-gardenelysee.com\/es\/habitaciones-y-suites\/habitacion-superior\/","og_locale":"es_ES","og_type":"article","og_title":"Habitaci\u00f3n superior - Hotel Garden \u00c9lys\u00e9e - 4* - Par\u00eds, distrito 16","og_description":"La espaciosa habitaci\u00f3n superior del Hotel Garden \u00c9lys\u00e9e tiene una cama de matrimonio queen size o dos camas separadas. Es ideal para una escapada a Par\u00eds.","og_url":"https:\/\/www.paris-hotel-gardenelysee.com\/es\/habitaciones-y-suites\/habitacion-superior\/","og_site_name":"Garden Elysee","article_modified_time":"2022-06-28T13:25:00+00:00","twitter_card":"summary_large_image","twitter_misc":{"Tiempo de lectura":"1 minuto"},"schema":{"@context":"https:\/\/schema.org","@graph":[{"@type":"WebPage","@id":"https:\/\/www.paris-hotel-gardenelysee.com\/es\/habitaciones-y-suites\/habitacion-superior\/","url":"https:\/\/www.paris-hotel-gardenelysee.com\/es\/habitaciones-y-suites\/habitacion-superior\/","name":"Habitaci\u00f3n superior - Hotel Garden \u00c9lys\u00e9e - 4* - Par\u00eds, distrito 16","isPartOf":{"@id":"https:\/\/www.paris-hotel-gardenelysee.com\/es\/#website"},"datePublished":"2021-10-21T13:55:49+00:00","dateModified":"2022-06-28T13:25:00+00:00","description":"La espaciosa habitaci\u00f3n superior del Hotel Garden \u00c9lys\u00e9e tiene una cama de matrimonio queen size o dos camas separadas. Es ideal para una escapada a Par\u00eds.","breadcrumb":{"@id":"https:\/\/www.paris-hotel-gardenelysee.com\/es\/habitaciones-y-suites\/habitacion-superior\/#breadcrumb"},"inLanguage":"es","potentialAction":[{"@type":"ReadAction","target":["https:\/\/www.paris-hotel-gardenelysee.com\/es\/habitaciones-y-suites\/habitacion-superior\/"]}]},{"@type":"BreadcrumbList","@id":"https:\/\/www.paris-hotel-gardenelysee.com\/es\/habitaciones-y-suites\/habitacion-superior\/#breadcrumb","itemListElement":[{"@type":"ListItem","position":1,"name":"Accueil","item":"https:\/\/www.paris-hotel-gardenelysee.com\/es\/"},{"@type":"ListItem","position":2,"name":"Habitaciones &amp; Suites","item":"https:\/\/www.paris-hotel-gardenelysee.com\/es\/habitaciones-y-suites\/"},{"@type":"ListItem","position":3,"name":"Habitaci\u00f3n Superior"}]},{"@type":"WebSite","@id":"https:\/\/www.paris-hotel-gardenelysee.com\/es\/#website","url":"https:\/\/www.paris-hotel-gardenelysee.com\/es\/","name":"Garden Elysee","description":"","potentialAction":[{"@type":"SearchAction","target":{"@type":"EntryPoint","urlTemplate":"https:\/\/www.paris-hotel-gardenelysee.com\/es\/?s={search_term_string}"},"query-input":{"@type":"PropertyValueSpecification","valueRequired":true,"valueName":"search_term_string"}}],"inLanguage":"es"}]}},"acf":[],"_links":{"self":[{"href":"https:\/\/www.paris-hotel-gardenelysee.com\/es\/wp-json\/wp\/v2\/pages\/341","targetHints":{"allow":["GET"]}}],"collection":[{"href":"https:\/\/www.paris-hotel-gardenelysee.com\/es\/wp-json\/wp\/v2\/pages"}],"about":[{"href":"https:\/\/www.paris-hotel-gardenelysee.com\/es\/wp-json\/wp\/v2\/types\/page"}],"author":[{"embeddable":true,"href":"https:\/\/www.paris-hotel-gardenelysee.com\/es\/wp-json\/wp\/v2\/users\/15"}],"replies":[{"embeddable":true,"href":"https:\/\/www.paris-hotel-gardenelysee.com\/es\/wp-json\/wp\/v2\/comments?post=341"}],"version-history":[{"count":0,"href":"https:\/\/www.paris-hotel-gardenelysee.com\/es\/wp-json\/wp\/v2\/pages\/341\/revisions"}],"up":[{"embeddable":true,"href":"https:\/\/www.paris-hotel-gardenelysee.com\/es\/wp-json\/wp\/v2\/pages\/338"}],"wp:attachment":[{"href":"https:\/\/www.paris-hotel-gardenelysee.com\/es\/wp-json\/wp\/v2\/media?parent=341"}],"curies":[{"name":"wp","href":"https:\/\/api.w.org\/{rel}","templated":true}]}}

Habitación Superior

<p style="text-align: center;"><strong>1-2 PERSONAS &#8211; 18 M² &#8211; 2 INDIVIDUALES O 1 QUEEN.</strong></p>
<p style="text-align: center;">Opte por más espacio y comodidad con la habitación Superior.<br />
Regálese un descanso en el corazón de la capital: tómese su tiempo para leer las noticias del día con una taza de té en el salón o medite mientras contempla la vegetación circundante.<br />
Descanso para cuerpo y alma garantizado gracias a la cómoda cama de matrimonio queen size.</p>

<p>1-2 PERSONAS &#8211; 18 M² &#8211; 2 INDIVIDUALES O 1 QUEEN. Opte por más espacio y comodidad con la habitación Superior. Regálese un descanso en el corazón de la capital: tómese su tiempo para leer las noticias del día con una taza de té en el salón o medite mientras contempla la vegetación circundante. Descanso [&hellip;]</p>

<!-- This site is optimized with the Yoast SEO plugin v26.9 - https://yoast.com/product/yoast-seo-wordpress/ -->
<title>Habitación superior - Hotel Garden Élysée - 4* - París, distrito 16</title>
<meta name="description" content="La espaciosa habitación superior del Hotel Garden Élysée tiene una cama de matrimonio queen size o dos camas separadas. Es ideal para una escapada a París." />
<meta name="robots" content="index, follow, max-snippet:-1, max-image-preview:large, max-video-preview:-1" />
<link rel="canonical" href="https://www.paris-hotel-gardenelysee.com/es/habitaciones-y-suites/habitacion-superior/" />
<meta property="og:locale" content="es_ES" />
<meta property="og:type" content="article" />
<meta property="og:title" content="Habitación superior - Hotel Garden Élysée - 4* - París, distrito 16" />
<meta property="og:description" content="La espaciosa habitación superior del Hotel Garden Élysée tiene una cama de matrimonio queen size o dos camas separadas. Es ideal para una escapada a París." />
<meta property="og:url" content="https://www.paris-hotel-gardenelysee.com/es/habitaciones-y-suites/habitacion-superior/" />
<meta property="og:site_name" content="Garden Elysee" />
<meta property="article:modified_time" content="2022-06-28T13:25:00+00:00" />
<meta name="twitter:card" content="summary_large_image" />
<meta name="twitter:label1" content="Tiempo de lectura" />
	<meta name="twitter:data1" content="1 minuto" />
<script type="application/ld+json" class="yoast-schema-graph">{"@context":"https://schema.org","@graph":[{"@type":"WebPage","@id":"https://www.paris-hotel-gardenelysee.com/es/habitaciones-y-suites/habitacion-superior/","url":"https://www.paris-hotel-gardenelysee.com/es/habitaciones-y-suites/habitacion-superior/","name":"Habitación superior - Hotel Garden Élysée - 4* - París, distrito 16","isPartOf":{"@id":"https://www.paris-hotel-gardenelysee.com/es/#website"},"datePublished":"2021-10-21T13:55:49+00:00","dateModified":"2022-06-28T13:25:00+00:00","description":"La espaciosa habitación superior del Hotel Garden Élysée tiene una cama de matrimonio queen size o dos camas separadas. Es ideal para una escapada a París.","breadcrumb":{"@id":"https://www.paris-hotel-gardenelysee.com/es/habitaciones-y-suites/habitacion-superior/#breadcrumb"},"inLanguage":"es","potentialAction":[{"@type":"ReadAction","target":["https://www.paris-hotel-gardenelysee.com/es/habitaciones-y-suites/habitacion-superior/"]}]},{"@type":"BreadcrumbList","@id":"https://www.paris-hotel-gardenelysee.com/es/habitaciones-y-suites/habitacion-superior/#breadcrumb","itemListElement":[{"@type":"ListItem","position":1,"name":"Accueil","item":"https://www.paris-hotel-gardenelysee.com/es/"},{"@type":"ListItem","position":2,"name":"Habitaciones &amp; Suites","item":"https://www.paris-hotel-gardenelysee.com/es/habitaciones-y-suites/"},{"@type":"ListItem","position":3,"name":"Habitación Superior"}]},{"@type":"WebSite","@id":"https://www.paris-hotel-gardenelysee.com/es/#website","url":"https://www.paris-hotel-gardenelysee.com/es/","name":"Garden Elysee","description":"","potentialAction":[{"@type":"SearchAction","target":{"@type":"EntryPoint","urlTemplate":"https://www.paris-hotel-gardenelysee.com/es/?s={search_term_string}"},"query-input":{"@type":"PropertyValueSpecification","valueRequired":true,"valueName":"search_term_string"}}],"inLanguage":"es"}]}</script>
<!-- / Yoast SEO plugin. -->

Habitación superior - Hotel Garden Élysée - 4* - París, distrito 16

La espaciosa habitación superior del Hotel Garden Élysée tiene una cama de matrimonio queen size o dos camas separadas. Es ideal para una escapada a París.
