{"id":307,"date":"2021-10-18T12:14:29","date_gmt":"2021-10-18T10:14:29","guid":{"rendered":"https:\/\/garden-elysee.ms.decms.eu\/?page_id=307"},"modified":"2022-12-16T17:22:46","modified_gmt":"2022-12-16T16:22:46","slug":"location","status":"publish","type":"page","link":"https:\/\/www.paris-hotel-gardenelysee.com\/en\/location\/","title":{"rendered":"Location"},"content":{"rendered":"<p style=\"text-align: center\">In the 16th arrondissement of Paris, set back from Rue Saint-Didier and close to Avenue Kl\u00e9ber, the Garden \u00c9lys\u00e9e Hotel is within walking distance of many Parisian landmarks and museums. Walk to the Champs-\u00c9lys\u00e9es, the Arc de Triomphe or the Trocad\u00e9ro esplanade in less than 15 minutes \u2013 while restaurants and shops fill this sophisticated district with life.<\/p>\n<p style=\"text-align: center\"><u>In order to favor means of transport with low environmental impact<\/u>, you can reach the hotel by metro :<br \/>\nline 6 Boissi\u00e8re station or line 9, Trocad\u00e9ro station or line 2 ,Victor Hugo station<br \/>\nAll metro stations are under 8 minutes\u2019 walk away.<\/p>\n","protected":false},"excerpt":{"rendered":"<p>In the 16th arrondissement of Paris, set back from Rue Saint-Didier and close to Avenue Kl\u00e9ber, the Garden \u00c9lys\u00e9e Hotel is within walking distance of many Parisian landmarks and museums. Walk to the Champs-\u00c9lys\u00e9es, the Arc de Triomphe or the Trocad\u00e9ro esplanade in less than 15 minutes \u2013 while restaurants and shops fill this sophisticated [&hellip;]<\/p>\n","protected":false},"author":15,"featured_media":0,"parent":0,"menu_order":0,"comment_status":"closed","ping_status":"closed","template":"template-location.php","meta":{"footnotes":""},"class_list":["post-307","page","type-page","status-publish","hentry"],"yoast_head":"<!-- This site is optimized with the Yoast SEO plugin v26.9 - https:\/\/yoast.com\/product\/yoast-seo-wordpress\/ -->\n<title>Boutique hotel near Trocad\u00e9ro \u2013 Garden \u00c9lys\u00e9e Hotel \u2013 Paris 16e<\/title>\n<meta name=\"description\" content=\"Take advantage of the ideal location of the Garden \u00c9lys\u00e9e Hotel in Paris, between the Champs-\u00c9lys\u00e9es and the Eiffel Tower in the heart of the 16th arrondissement.\" \/>\n<meta name=\"robots\" content=\"index, follow, max-snippet:-1, max-image-preview:large, max-video-preview:-1\" \/>\n<link rel=\"canonical\" href=\"https:\/\/www.paris-hotel-gardenelysee.com\/en\/location\/\" \/>\n<meta property=\"og:locale\" content=\"en_US\" \/>\n<meta property=\"og:type\" content=\"article\" \/>\n<meta property=\"og:title\" content=\"Boutique hotel near Trocad\u00e9ro \u2013 Garden \u00c9lys\u00e9e Hotel \u2013 Paris 16e\" \/>\n<meta property=\"og:description\" content=\"Take advantage of the ideal location of the Garden \u00c9lys\u00e9e Hotel in Paris, between the Champs-\u00c9lys\u00e9es and the Eiffel Tower in the heart of the 16th arrondissement.\" \/>\n<meta property=\"og:url\" content=\"https:\/\/www.paris-hotel-gardenelysee.com\/en\/location\/\" \/>\n<meta property=\"og:site_name\" content=\"Garden Elysee\" \/>\n<meta property=\"article:modified_time\" content=\"2022-12-16T16:22:46+00:00\" \/>\n<meta name=\"twitter:card\" content=\"summary_large_image\" \/>\n<meta name=\"twitter:label1\" content=\"Est. reading time\" \/>\n\t<meta name=\"twitter:data1\" content=\"1 minute\" \/>\n<script type=\"application\/ld+json\" class=\"yoast-schema-graph\">{\"@context\":\"https:\/\/schema.org\",\"@graph\":[{\"@type\":\"WebPage\",\"@id\":\"https:\/\/www.paris-hotel-gardenelysee.com\/en\/location\/\",\"url\":\"https:\/\/www.paris-hotel-gardenelysee.com\/en\/location\/\",\"name\":\"Boutique hotel near Trocad\u00e9ro \u2013 Garden \u00c9lys\u00e9e Hotel \u2013 Paris 16e\",\"isPartOf\":{\"@id\":\"https:\/\/www.paris-hotel-gardenelysee.com\/en\/#website\"},\"datePublished\":\"2021-10-18T10:14:29+00:00\",\"dateModified\":\"2022-12-16T16:22:46+00:00\",\"description\":\"Take advantage of the ideal location of the Garden \u00c9lys\u00e9e Hotel in Paris, between the Champs-\u00c9lys\u00e9es and the Eiffel Tower in the heart of the 16th arrondissement.\",\"breadcrumb\":{\"@id\":\"https:\/\/www.paris-hotel-gardenelysee.com\/en\/location\/#breadcrumb\"},\"inLanguage\":\"en-US\",\"potentialAction\":[{\"@type\":\"ReadAction\",\"target\":[\"https:\/\/www.paris-hotel-gardenelysee.com\/en\/location\/\"]}]},{\"@type\":\"BreadcrumbList\",\"@id\":\"https:\/\/www.paris-hotel-gardenelysee.com\/en\/location\/#breadcrumb\",\"itemListElement\":[{\"@type\":\"ListItem\",\"position\":1,\"name\":\"Accueil\",\"item\":\"https:\/\/www.paris-hotel-gardenelysee.com\/en\/\"},{\"@type\":\"ListItem\",\"position\":2,\"name\":\"Location\"}]},{\"@type\":\"WebSite\",\"@id\":\"https:\/\/www.paris-hotel-gardenelysee.com\/en\/#website\",\"url\":\"https:\/\/www.paris-hotel-gardenelysee.com\/en\/\",\"name\":\"Garden Elysee\",\"description\":\"\",\"potentialAction\":[{\"@type\":\"SearchAction\",\"target\":{\"@type\":\"EntryPoint\",\"urlTemplate\":\"https:\/\/www.paris-hotel-gardenelysee.com\/en\/?s={search_term_string}\"},\"query-input\":{\"@type\":\"PropertyValueSpecification\",\"valueRequired\":true,\"valueName\":\"search_term_string\"}}],\"inLanguage\":\"en-US\"}]}<\/script>\n<!-- \/ Yoast SEO plugin. -->","yoast_head_json":{"title":"Boutique hotel near Trocad\u00e9ro \u2013 Garden \u00c9lys\u00e9e Hotel \u2013 Paris 16e","description":"Take advantage of the ideal location of the Garden \u00c9lys\u00e9e Hotel in Paris, between the Champs-\u00c9lys\u00e9es and the Eiffel Tower in the heart of the 16th arrondissement.","robots":{"index":"index","follow":"follow","max-snippet":"max-snippet:-1","max-image-preview":"max-image-preview:large","max-video-preview":"max-video-preview:-1"},"canonical":"https:\/\/www.paris-hotel-gardenelysee.com\/en\/location\/","og_locale":"en_US","og_type":"article","og_title":"Boutique hotel near Trocad\u00e9ro \u2013 Garden \u00c9lys\u00e9e Hotel \u2013 Paris 16e","og_description":"Take advantage of the ideal location of the Garden \u00c9lys\u00e9e Hotel in Paris, between the Champs-\u00c9lys\u00e9es and the Eiffel Tower in the heart of the 16th arrondissement.","og_url":"https:\/\/www.paris-hotel-gardenelysee.com\/en\/location\/","og_site_name":"Garden Elysee","article_modified_time":"2022-12-16T16:22:46+00:00","twitter_card":"summary_large_image","twitter_misc":{"Est. reading time":"1 minute"},"schema":{"@context":"https:\/\/schema.org","@graph":[{"@type":"WebPage","@id":"https:\/\/www.paris-hotel-gardenelysee.com\/en\/location\/","url":"https:\/\/www.paris-hotel-gardenelysee.com\/en\/location\/","name":"Boutique hotel near Trocad\u00e9ro \u2013 Garden \u00c9lys\u00e9e Hotel \u2013 Paris 16e","isPartOf":{"@id":"https:\/\/www.paris-hotel-gardenelysee.com\/en\/#website"},"datePublished":"2021-10-18T10:14:29+00:00","dateModified":"2022-12-16T16:22:46+00:00","description":"Take advantage of the ideal location of the Garden \u00c9lys\u00e9e Hotel in Paris, between the Champs-\u00c9lys\u00e9es and the Eiffel Tower in the heart of the 16th arrondissement.","breadcrumb":{"@id":"https:\/\/www.paris-hotel-gardenelysee.com\/en\/location\/#breadcrumb"},"inLanguage":"en-US","potentialAction":[{"@type":"ReadAction","target":["https:\/\/www.paris-hotel-gardenelysee.com\/en\/location\/"]}]},{"@type":"BreadcrumbList","@id":"https:\/\/www.paris-hotel-gardenelysee.com\/en\/location\/#breadcrumb","itemListElement":[{"@type":"ListItem","position":1,"name":"Accueil","item":"https:\/\/www.paris-hotel-gardenelysee.com\/en\/"},{"@type":"ListItem","position":2,"name":"Location"}]},{"@type":"WebSite","@id":"https:\/\/www.paris-hotel-gardenelysee.com\/en\/#website","url":"https:\/\/www.paris-hotel-gardenelysee.com\/en\/","name":"Garden Elysee","description":"","potentialAction":[{"@type":"SearchAction","target":{"@type":"EntryPoint","urlTemplate":"https:\/\/www.paris-hotel-gardenelysee.com\/en\/?s={search_term_string}"},"query-input":{"@type":"PropertyValueSpecification","valueRequired":true,"valueName":"search_term_string"}}],"inLanguage":"en-US"}]}},"acf":[],"_links":{"self":[{"href":"https:\/\/www.paris-hotel-gardenelysee.com\/en\/wp-json\/wp\/v2\/pages\/307","targetHints":{"allow":["GET"]}}],"collection":[{"href":"https:\/\/www.paris-hotel-gardenelysee.com\/en\/wp-json\/wp\/v2\/pages"}],"about":[{"href":"https:\/\/www.paris-hotel-gardenelysee.com\/en\/wp-json\/wp\/v2\/types\/page"}],"author":[{"embeddable":true,"href":"https:\/\/www.paris-hotel-gardenelysee.com\/en\/wp-json\/wp\/v2\/users\/15"}],"replies":[{"embeddable":true,"href":"https:\/\/www.paris-hotel-gardenelysee.com\/en\/wp-json\/wp\/v2\/comments?post=307"}],"version-history":[{"count":0,"href":"https:\/\/www.paris-hotel-gardenelysee.com\/en\/wp-json\/wp\/v2\/pages\/307\/revisions"}],"wp:attachment":[{"href":"https:\/\/www.paris-hotel-gardenelysee.com\/en\/wp-json\/wp\/v2\/media?parent=307"}],"curies":[{"name":"wp","href":"https:\/\/api.w.org\/{rel}","templated":true}]}}

<p style="text-align: center">In the 16th arrondissement of Paris, set back from Rue Saint-Didier and close to Avenue Kléber, the Garden Élysée Hotel is within walking distance of many Parisian landmarks and museums. Walk to the Champs-Élysées, the Arc de Triomphe or the Trocadéro esplanade in less than 15 minutes – while restaurants and shops fill this sophisticated district with life.</p>
<p style="text-align: center"><u>In order to favor means of transport with low environmental impact</u>, you can reach the hotel by metro :<br />
line 6 Boissière station or line 9, Trocadéro station or line 2 ,Victor Hugo station<br />
All metro stations are under 8 minutes’ walk away.</p>

<p>In the 16th arrondissement of Paris, set back from Rue Saint-Didier and close to Avenue Kléber, the Garden Élysée Hotel is within walking distance of many Parisian landmarks and museums. Walk to the Champs-Élysées, the Arc de Triomphe or the Trocadéro esplanade in less than 15 minutes – while restaurants and shops fill this sophisticated [&hellip;]</p>

<!-- This site is optimized with the Yoast SEO plugin v26.9 - https://yoast.com/product/yoast-seo-wordpress/ -->
<title>Boutique hotel near Trocadéro – Garden Élysée Hotel – Paris 16e</title>
<meta name="description" content="Take advantage of the ideal location of the Garden Élysée Hotel in Paris, between the Champs-Élysées and the Eiffel Tower in the heart of the 16th arrondissement." />
<meta name="robots" content="index, follow, max-snippet:-1, max-image-preview:large, max-video-preview:-1" />
<link rel="canonical" href="https://www.paris-hotel-gardenelysee.com/en/location/" />
<meta property="og:locale" content="en_US" />
<meta property="og:type" content="article" />
<meta property="og:title" content="Boutique hotel near Trocadéro – Garden Élysée Hotel – Paris 16e" />
<meta property="og:description" content="Take advantage of the ideal location of the Garden Élysée Hotel in Paris, between the Champs-Élysées and the Eiffel Tower in the heart of the 16th arrondissement." />
<meta property="og:url" content="https://www.paris-hotel-gardenelysee.com/en/location/" />
<meta property="og:site_name" content="Garden Elysee" />
<meta property="article:modified_time" content="2022-12-16T16:22:46+00:00" />
<meta name="twitter:card" content="summary_large_image" />
<meta name="twitter:label1" content="Est. reading time" />
	<meta name="twitter:data1" content="1 minute" />
<script type="application/ld+json" class="yoast-schema-graph">{"@context":"https://schema.org","@graph":[{"@type":"WebPage","@id":"https://www.paris-hotel-gardenelysee.com/en/location/","url":"https://www.paris-hotel-gardenelysee.com/en/location/","name":"Boutique hotel near Trocadéro – Garden Élysée Hotel – Paris 16e","isPartOf":{"@id":"https://www.paris-hotel-gardenelysee.com/en/#website"},"datePublished":"2021-10-18T10:14:29+00:00","dateModified":"2022-12-16T16:22:46+00:00","description":"Take advantage of the ideal location of the Garden Élysée Hotel in Paris, between the Champs-Élysées and the Eiffel Tower in the heart of the 16th arrondissement.","breadcrumb":{"@id":"https://www.paris-hotel-gardenelysee.com/en/location/#breadcrumb"},"inLanguage":"en-US","potentialAction":[{"@type":"ReadAction","target":["https://www.paris-hotel-gardenelysee.com/en/location/"]}]},{"@type":"BreadcrumbList","@id":"https://www.paris-hotel-gardenelysee.com/en/location/#breadcrumb","itemListElement":[{"@type":"ListItem","position":1,"name":"Accueil","item":"https://www.paris-hotel-gardenelysee.com/en/"},{"@type":"ListItem","position":2,"name":"Location"}]},{"@type":"WebSite","@id":"https://www.paris-hotel-gardenelysee.com/en/#website","url":"https://www.paris-hotel-gardenelysee.com/en/","name":"Garden Elysee","description":"","potentialAction":[{"@type":"SearchAction","target":{"@type":"EntryPoint","urlTemplate":"https://www.paris-hotel-gardenelysee.com/en/?s={search_term_string}"},"query-input":{"@type":"PropertyValueSpecification","valueRequired":true,"valueName":"search_term_string"}}],"inLanguage":"en-US"}]}</script>
<!-- / Yoast SEO plugin. -->

Boutique hotel near Trocadéro – Garden Élysée Hotel – Paris 16e

Take advantage of the ideal location of the Garden Élysée Hotel in Paris, between the Champs-Élysées and the Eiffel Tower in the heart of the 16th arrondissement.
